f (2 + -5)/(3/t)?
1
Suppose -5 = -p - 0. What is the units digit of p?
5
Suppose 3*m - 4 - 8 = 0. Suppose 0 = -0*r - r + m. Suppose 2*o - 11 = -w, -5*o = -r*o - 4*w + 17. What is the units digit of o?
3
Let x(o) = 4*o**3 - 13*o**2 - 14*o - 10. Let f(n) = n**3 - n**2 - n - 1. Let w(h) = -5*f(h) + x(h). What is the units digit of w(-7)?
9
Let s(f) = f**3 + 5*f**2 + f - 1. Let r be s(-5). Let v(i) = -i + 2. What is the units digit of v(r)?
8
Let h be (6 + -4)/(1/2). Suppose -h*y - 12 = -6*y. What is the units digit of y?
6
Let o = -6 - -6. Let m(b) = -b**2 - b + 2. Let p be m(o). Suppose -p*z + 8 = -z. What is the units digit of z?
8
Let m = -164 + 249. What is the tens digit of m?
8
What is the hundreds digit of (-6 - (-4 + -1))/(1/(-113))?
1
Let n = 37 - 1. What is the tens digit of n?
3
Suppose 0*o - 55 = -o. Let k = o - 25. What is the units digit of k?
0
Suppose 2*x = 5*x - 111. What is the tens digit of x?
3
Let j = 1 - 1. What is the tens digit of (4 - j)/((-2)/(-13))?
2
Let r = -2 + -1. Let k = r + 8. What is the units digit of k?
5
Let k be (4 - -18) + 0 + -1. Suppose 3*t + 0*t - k = 0. What is the units digit of t?
7
Let b(a) be the second derivative of a**5/20 - 2*a**4/3 + 7*a**3/6 + 3*a**2/2 - 3*a. Let l be b(7). What is the units digit of ((-1)/l)/((-5)/195)?
3
Let f(q) be the third derivative of -q**4/24 + 9*q**3/2 - 3*q**2. What is the units digit of f(11)?
6
Suppose -u = o + u - 2, -u - 35 = -4*o. Let i = o - 3. What is the units digit of i?
5
Suppose 3*v + 7*v = 1450. What is the hundreds digit of v?
1
Let q be (3 - -2)*4/10. Suppose 0 = -q*o + o + 2. What is the units digit of o?
2
Let x(n) be the third derivative of n**5/20 + n**4/24 + n**2. Let z = 14 - 15. What is the units digit of x(z)?
2
Let x(a) = a**3 - 4*a**2 - 6*a + 3. Let h be x(5). Let l be h/4 - 49/(-2). Let o = l - 17. What is the units digit of o?
7
Let g(f) = f - 1. Let h(o) = o - 7. Let r be h(8). Let z be g(r). What is the units digit of -1 - (-4 - z - -2)?
1
Suppose 0 = 2*i - 4*i - 16. Let k = 40 + -29. Let f = i + k. What is the units digit of f?
3
Let z(d) be the first derivative of 7 + d**2 - 4*d**2 - 8 - 2*d. What is the tens digit of z(-3)?
1
Suppose 0 = 3*a - 309 - 186. What is the units digit of (2/(-3))/((-10)/a)?
1
Suppose -u = -o + 7, 2*o + 14 = -3*u + 3. Suppose 2*p + p + o*n - 34 = 0, 5*n + 6 = -p. What is the tens digit of p?
1
Let f be ((-10)/3)/((-8)/(-72)). What is the tens digit of (-92)/(-6)*f/(-20)?
2
Let n = -61 + 90. What is the tens digit of n?
2
Suppose -5*p - 28 = -0*o - o, -5*o + 80 = -5*p. Let v = o + -3. What is the tens digit of v?
1
Let t(b) = b**2 + 4*b - 10. What is the hundreds digit of t(-13)?
1
Let h be (-11)/(11/12)*-1. What is the units digit of (1 - -2)/(h/128)?
2
Let r(p) = -2*p**3 + 5*p**2 + 6*p - 8. Let a(y) = -y**2 + y**2 - y + y**3 + 1. Let f(s) = -3*a(s) - r(s). What is the units digit of f(-4)?
1
Let m(g) = g**3 + 15*g**2 + 11*g - 34. What is the units digit of m(-14)?
8
What is the tens digit of 25 + (2 - (-2 + 0))?
2
Let l(w) = -w**2 - w + 12. Let j be l(0). Let d = 14 - 9. Suppose -2*r = r + 4*o + 5, -d*o - j = -2*r. What is the units digit of r?
1
Let y(m) = -16*m - 79. Let k(r) = 11*r + 27. Let g(p) = -16*p - 41. Let s(w) = 5*g(w) + 7*k(w). Let t(c) = -11*s(c) + 2*y(c). What is the units digit of t(-9)?
9
Suppose -a + 63 = m, -3*m = 2*m - 2*a - 343. Suppose 4*i = m - 3. What is the tens digit of i?
1
Let y(i) = i**2 - 2*i - 1. Let d be y(3). Suppose d*c + 0 = 6. What is the tens digit of c/(-1)*(5 - 11)?
1
Let q = -10 + 17. Suppose -q - 13 = -2*j. What is the units digit of j?
0
Let h be ((-1)/(-2))/(1/(-8)). Let c = 6 + h. Let f(u) = u**3 + u - 1. What is the units digit of f(c)?
9
Suppose 0*u = u - 3. Let q(y) = -2*y**2 + y**2 + 0*y**3 + 6 + y - y**u. What is the units digit of q(0)?
6
Suppose 44 = 2*d - 4*d. Let t = d - -38. What is the units digit of t?
6
Let z be (-4)/5*350/(-20). Let j = z + -5. What is the units digit of j?
9
Suppose 200 = -2*f + 4*f. Suppose -n = 4*n - f. Let k = -14 + n. What is the units digit of k?
6
Let a be 4 - (-4)/(-1 - 1). Suppose -u + 17 = a*k - 7*k, k = u - 5. Suppose 0 = 2*g - v - 10, 3*g + 1 = 2*g + u*v. What is the units digit of g?
7
What is the units digit of (-3 + -49)*-2 - -1?
5
Suppose -2*k + 64 = -0*k. What is the units digit of k?
2
Let d(b) = -b**2 - 6*b - 2. Let s be d(-5). Suppose 2*l + s = 5. What is the tens digit of 4*4 + l + -4?
1
What is the units digit of (-7)/(147/(-6)) + 593/7?
5
Let z = 175 + -80. What is the units digit of z?
5
Let s be 3 + -2 + 9 + -4. Suppose -c + s = -6. Let l = c - -6. What is the tens digit of l?
1
Suppose -3*g + 3 = -4*f, 4*g - 3 = 4*f + 5. Suppose 2*k = -3*q + 74, 3*q - 2*q = -f*k + 27. What is the tens digit of q?
2
Let h be (4 + (-7)/2)*116. Suppose -5*i - h = -x, 3*x - 5*i - 71 - 83 = 0. What is the units digit of x?
8
Let o be -15*3/9*3. Let i = o - -45. What is the tens digit of i?
3
Suppose -4*q + 8 = -32. What is the tens digit of 4/q - 915/(-25)?
3
Suppose 4*k = 5*g, g - 7 = -2*g + k. Suppose 29 = -3*l + g*f, -4*l - f + 7 = 14. Let d = l + 4. What is the units digit of d?
1
Let g(o) = -73*o**2 + 5. Let p(a) = -146*a**2 + 9. Let x(j) = -11*g(j) + 6*p(j). Let y be x(1). What is the units digit of y/(-10) + (-2)/5?
7
Let g(b) be the second derivative of -b**4/12 - 3*b**3/2 - 3*b**2/2 - b. Let a be (-8)/((-8)/2 - -5). What is the units digit of g(a)?
5
Let b(v) = -v**2 - 7*v. Let p be b(-5). Suppose 0*x - p = -2*x. Suppose x*l + 3*y - 5*y = 5, 1 = l - 3*y. What is the units digit of l?
1
Let h(d) = -8*d. Let r be h(3). Let i = r + 40. Let w = i - 7. What is the units digit of w?
9
Let x(v) = v**2 + 4*v + 1. Let g be x(-6). Let w = g - 5. What is the units digit of w?
8
Suppose 2*i = -30 + 2. Let s = i - -22. What is the units digit of s?
8
Let p(m) = m**3 + 5*m**2 - m + 9. Let u be p(-5). Let o = 23 - u. What is the units digit of o?
9
Suppose -4*y + 2 = -s - s, -17 = -4*y - 3*s. Let h(o) = 2 + 1 - 6 + 8*o. What is the tens digit of h(y)?
1
Let y(d) = -26*d**2 + 15*d**2 + 6 + 12*d**2 + 5*d + 1. Let s be (2 + -1)*(-5)/1. What is the units digit of y(s)?
7
What is the tens digit of (-200)/6*(-12 - -6)/2?
0
Let a(m) = -m**2 + 5*m + 3. Let g be a(5). Let u be -1*2*g/(-3). What is the units digit of 5 + -5 - (1 - u)?
1
Suppose 0*t + 4*k + 46 = -3*t, 0 = 2*t + 3*k + 32. Let a(j) = -j**2 + 6*j + 16. Let y be a(8). Let w = y - t. What is the units digit of w?
0
Suppose 4*v + 0*v = 3*u + 7, -4*u - 2*v + 20 = 0. Suppose -4 = -z + 5. Let r = z + u. What is the tens digit of r?
1
Let c be (5 - 4) + 0 + 4. Suppose -j - c = 1. What is the units digit of ((-4)/j)/((-8)/(-12))?
1
Let p = 26 + -8. Suppose 0 = -j - c + 4*c + p, -5*j = -4*c - 35. Suppose -j*g = -f - 55, 2*g - 5*f = 29 + 25. What is the tens digit of g?
1
Let i(z) = -z**2 + 4*z + 5. Let c = 2 - -3. Let r be i(c). Suppose r = 2*b - b - 2. What is the units digit of b?
2
Let w(u) = u**2 - 2*u + 3. Let o be w(2). Let l = 8 + -4. Suppose -o = -l*g + g. What is the units digit of g?
1
Suppose 2*s + 4 - 12 = 0. Suppose 0 = 5*g - 10, g + 16 = -s*w + 2. Let c = w - -6. What is the units digit of c?
2
Let k be (-156)/10*10/(-4). Let c = k - 28. What is the tens digit of c?
1
Let h = -16 + 16. Suppose h = p + p - 88. What is the units digit of p?
4
What is the tens digit of (-1)/1*-144 + -4?
4
Let i be 7/2 - (-1)/2. Suppose 2*z + 3 = i*k - 3, 0 = 3*k - 3*z. Suppose 45 = 3*h - k*n, 4*n + n + 30 = 2*h. What is the units digit of h?
5
Let x = 19 - -3. What is the tens digit of x?
2
Suppose -2*i + 17 = 5*s - 0*i, s + 2*i - 5 = 0. Suppose -6 - s = -t. What is the units digit of t?
9
Let x(c) = c**2 - 2. Let h be x(-2). Suppose 5*v = h*q + 27, -29 = 4*q - 3*v - 10. What is the units digit of ((-1)/(-3))/(q/(-3))?
1
Let d = 329 - 146. What is the hundreds digit of d?
1
Suppose 5 = f, -7*u - 5*f - 473 = -10*u. What is the hundreds digit of u?
1
Suppose 3*x = -60 + 162. Let n = -21 + x. What is the units digit of n?
3
Suppose 4*t - 9 = -1. Suppose 4*d + 6 = -k, 1 = t*k + d - 8. What is the units digit of k?
6
Let c(l) = -l**3 + 9*l**2 - 6*l - 1. Let f be c(8). What is the tens digit of (12/f)/((-2)/(-70))?
2
Let i(c) = -c**3 - 2*c**2 - 4. Let m be i(-3). Suppose -m = z - 5*w + w, 5*w = 3*z - 6.